n - -362. Calculate o(r).
-44
Let n(l) be the first derivative of -l**2 + l - 32. Suppose -7*i + 12 = -i. Suppose w - 4 = t, -w + 0*w + 5 = -i*t. Determine n(w).
-5
Let k(m) = m**2 - 4*m - 8. Let j be 1 + 2*(-8)/16. Let y be 0 - (32/(-4) + j). Give k(y).
24
Suppose -9 + 1 = -x. Let c = 67 - 17. Let s(n) = -8 - c*n + 102*n - 51*n. Give s(x).
0
Let a(f) = 14*f - 67. Let p = -6491 + 6501. Calculate a(p).
73
Let x(z) = 2*z + 6. Suppose -2*d + 23 = -2*f + 5, 5*d + f - 33 = 0. Let y be x(d). Let b(n) = -21 - n**2 + 2*n**2 + y. Give b(1).
0
Suppose -21*p = -15*p - 4*p - k, 3*k = -12. Let a(n) = -n**2 - 7*n - 13. Calculate a(p).
-3
Let z(l) = 10*l + 36. Let t be z(16). Suppose -6*b = b - t. Let p(g) = -20 - b*g - 21*g + 50*g + 8. Determine p(5).
-7
Let u(r) = -r**2 + 8*r + 4. Let c be u(7). Let p(b) = b**3 - 11*b**2 + b - 5. Let m be p(c). Let f(v) = 25*v**2 - 55*v**2 + 31*v**2 - 8*v + 8. Calculate f(m).
-4
Let q(s) = 2*s**3 + 3*s**2. Let v(l) = -8*l**3 - 11*l**2. Let g(p) = 22*q(p) + 6*v(p). Let j = -6961 + 6960. Give g(j).
4
Let z(m) = 2. Let f(o) = -o - 7. Let u(d) = f(d) + 2*z(d). What is u(-6)?
3
Let m(t) = -5*t + 7. Suppose 37 = 2*d + 49. Give m(d).
37
Let n = -335 - -338. Let w(d) = n*d**3 + 10*d**3 + 15625 - 15624 - 2*d**2. Give w(1).
12
Suppose 12 = 4*s + t, -5*t + 16 = 27*s - 29*s. Let i(d) = 128*d - 139*d + 4*d**2 + 6 - 3*d**s. Determine i(11).
6
Suppose -74 - 52 = -14*i. Let g(p) = -p - 9. Let w(a) = 6*a + 37. Let m(y) = i*g(y) + 2*w(y). Determine m(6).
11
Let r(y) = -8*y - 3*y + 18*y**2 + 26*y**2 - 43*y**2 + 15*y + 11. Calculate r(-6).
23
Let a(k) = -70*k**2 + 1302*k - 752. Let r be a(18). Let h(c) be the third derivative of c**6/120 - c**5/10 + 5*c**4/24 - 2*c**3/3 - c**2. Determine h(r).
-16
Let f(z) = z**2 - 52*z - 44. Let u(h) = h**2 - 47*h - 37. Let r(i) = 7*f(i) - 8*u(i). What is r(8)?
20
Let j(y) = 53*y**3 - 65*y**2 - 190*y + 474. Let p(z) = 69*z**3 - 87*z**2 - 253*z + 632. Let u(m) = 13*j(m) - 10*p(m). Determine u(27).
4
Let x(h) = -184*h + 155 + 56*h + 58*h + 52*h. Let s be x(9). Let c(v) = -v**2 - 10*v - 6. What is c(s)?
15
Let g(i) = 20*i**3 + 18*i**2 + 9*i - 52. Let d(o) = -9*o**3 - 9*o**2 - 4*o + 25. Let k(u) = -9*d(u) - 4*g(u). What is k(-9)?
-17
Let m = -173 - -172. Let h be (4 + -2)*m*2/(-4). Let b(i) = -12*i**3 + i**2. Calculate b(h).
-11
Let h(v) = -6*v**2 - 2*v - 11. Let y(a) = -a**2 + a - 1. Let m(w) = h(w) - 5*y(w). Let s = -111514 - -111510. What is m(s)?
6
Let m(h) = 3 - 3*h - 117*h**2 + 124*h**2 - 2*h**3 + 4*h**3 + 5*h. Determine m(-3).
6
Let k be (-84)/(-60) + (-3)/(-5). Let c(f) = 3 - 4*f**3 - 5 - 1 + 3*f**2 + 1. What is c(k)?
-22
Let p(q) = -1. Let r(a) = a + 4. Let m(v) = -5*p(v) + r(v). Let w be 12/30*(0 - 45/(-6)). Suppose -33 = 3*g + w*d, -4*d + 35 - 70 = 3*g. Determine m(g).
0
Let s be 136/(-22) + (4 - (-42)/(-11)). Let f be 4*(s/4)/(3/(-2)). Let c(y) = -3*y + 10. Give c(f).
-2
Let s(r) = 5192 + 0*r + 5*r - 5140. Determine s(-9).
7
Let s(v) = -v**3 + 9*v**2 - 10*v - 3. Let i(u) = 3*u + 76. Let c(a) = a + 26. Let w(k) = -8*c(k) + 3*i(k). Let m be w(-12). Calculate s(m).
-19
Let h(t) be the second derivative of -2*t**3/3 + 79*t**2 - 1829*t. What is h(41)?
-6
Let t(r) = -18*r + 3 + 10*r - 2*r**2 + 6*r. Let i be t(0). Let g(l) = 2*l - 2. Determine g(i).
4
Let c be 98/10 - (-518)/(-185). Let r(a) = a**3 - 8*a**2 + 13*a - 43. What is r(c)?
-1
Suppose 7 = 18*n + 61. Let u = 0 + 4. Let i(f) = 7 + f - u + f - f**2 + 0*f**2. Determine i(n).
-12
Let m(r) be the third derivative of 13*r**4/12 - 229*r**3/6 - 13*r**2 + 60. Calculate m(9).
5
Let a(v) = v**2 - 31*v - 258. Let x be a(38). Suppose -94 = x*i + 50. Let m(p) = p**3 + 19*p**2 + 16*p - 25. Determine m(i).
11
Suppose -27 = -3*y + 5*b, 14 = 4*y + 68*b - 71*b. Let a(q) = 12*q + 15. Determine a(y).
3
Let k(c) = -c - 5. Let q = -113 - -195. Let f = -90 + q. Let l be 0/(f/(-12) - 2/(-6)). Calculate k(l).
-5
Let p(k) be the second derivative of -7/24*k**4 + 34*k + 5/3*k**3 - 17/2*k**2 + 0 - 1/60*k**5. Let r(a) be the first derivative of p(a). Calculate r(-8).
2
Let b(l) = 22*l. Suppose -11*h + 64 + 1289 = 0. Let y = -124 + h. Determine b(y).
-22
Suppose 4*o - 48 = -4*g, 56 = 4*o + 3*g + 6. Suppose 110 - 12 = o*j. Let t(l) = 3*l - 7. Determine t(j).
14
Let d(s) = 4*s + 1. Let p(r) = r**3 + 9*r**2 + 7*r - 4. Let o be p(-8). Let y be -7 + (12 - 0)/o. Determine d(y).
-15
Let h = -143 - -135. Let f(m) be the second derivative of -2*m**3/3 - m**2 + 21*m - 16. Determine f(h).
30
Let z(f) = f**2 - f - 4. Let w be (-23 + 1080/48 - (-1)/(-2))*5. Determine z(w).
26
Let t(f) be the first derivative of -2*f**3/3 + 3*f**2/2 - 2*f - 19. Suppose 4*v = -20, -5*q = -0*v + v - 35. Suppose 8*i - 8 = q. What is t(i)?
-4
Let t(m) = 21*m + 76. Let y be t(10). Suppose 290*p - y*p + 24 = 0. Let o(f) = 2*f + 9. Give o(p).
-3
Let n(k) be the second derivative of -k**3/6 - k**2/2 - k. Let u be 340/(-408) + (-8090)/12. Let d = u - -670. Determine n(d).
4
Let t(b) = -3*b**2 - 2*b + 2. Let n(a) = 691*a + 10. Let j be n(-1). Let k = -684 - j. What is t(k)?
-19
Let t(l) = -12*l**2 - 2237*l + l**3 + 1124*l + 1118*l - 21. Calculate t(11).
-87
Suppose -1285*z = -1267*z - 234. Let s(j) = 4*j - 39. Calculate s(z).
13
Let v(j) = 3*j**3 + 8*j**2 - 11*j + 5. Let s(z) = z**3 + 3*z**2 - 3*z + 2. Let r(w) = -7*s(w) + 2*v(w). Let t = 2630 + -2634. Calculate r(t).
-16
Let b(l) = -5*l + 41. Let n be b(9). Let d(v) = v**3 + 4*v**2 - v - 1. Let u be d(n). Let q(c) = -2*c**2 + 1 + c - 3 + c**3 + c. What is q(u)?
13
Suppose h + 553 = -4*k, 5*h + k = 818 - 3640. Let o = 570 + h. Let x(c) = -3*c**2 + 7 - c - 4*c**2 + 6*c**2. Calculate x(o).
-23
Let t(f) = -3*f**3 + 2*f**2 - 3*f. Let u = 544 - 547. Let s be (9 - (-1 + 10 - 5)) + u. Give t(s).
-22
Let s = 4137 + -4141. Let o(z) = -z - 10. What is o(s)?
-6
Let s = 172 - 173. Let b(k) be the third derivative of k**5/6 - k**3/6 - k**2 + 27. Give b(s).
9
Let k = 221 - 227. Let b(j) = -j. Let v(z) = z**2 - z - 11. Let g(t) = k*b(t) - v(t). Suppose -12 = -4*u + 20. Calculate g(u).
3
Let l be 5 - 2 - -3 - 6. Suppose -5*u + 4*f - 7 = l, -5*u + 9 - 34 = 5*f. Let k(z) = -2*z**2 - 2*z + 4. What is k(u)?
-8
Let o(b) = 462*b**2 + 6*b + 46*b**3 - 47*b**3 - 19 - 469*b**2. Calculate o(-8).
-3
Let a(i) = -19314*i + 0 - 6 + 2*i**2 + 19309*i - 6*i**2. Calculate a(-4).
-50
Let a(v) = -3*v**2 + 10*v + 4. Let b(d) = -7*d**2 + 20*d + 7. Let k(g) = -9*a(g) + 4*b(g). Let j be 18/(-2) + ((-36)/(-6))/6. What is k(j)?
8
Let w(o) be the second derivative of -o**4/12 - o**3/2 + 83*o**2/2 - 32*o - 2. Calculate w(-14).
-71
Let v(p) be the first derivative of -2*p**2 - 7*p + 1699. Give v(-12).
41
Let n(y) = -15*y + 77. Let r be n(5). Let q(h) = -13*h - 3 - 2*h**r - h**3 + 10*h + 0*h**3 - h**2. Calculate q(-2).
-1
Let l(d) = d**3 - 8*d**2 - 8*d + 6. Let z = 1070 - 1061. Determine l(z).
15
Let v(u) = -7*u**3 + u**2 + u + 1. Suppose 5*h - 148 = -133. Suppose 2*m = 5*j + 11, m = 6 - h. Give v(j).
8
Suppose 0 = 5*l + 2*k + 11, -2*l + 10 = 3*l - 5*k. Let s be ((-3)/(-2))/(l/((-32)/12)). Suppose 53*o - s = 49*o. Let d(w) = 5*w**3 - w**2 + w. Calculate d(o).
5
Let y(w) be the third derivative of -w**4/8 - w**3/3 - 2*w**2. Let l be (-56)/(-21) - 4/6. Suppose 7 = 3*s + f - l, 2*f = 3*s. What is y(s)?
-8
Let u be (-1 - 0)/((-21)/63). Suppose 2*w = -u*p - 2*w + 19, -4*p = w - 8. Let h(i) be the second derivative of -i**4/2 + i**3/6 - i**2/2 - i. Determine h(p).
-6
Let q(t) = -44*t**2 - 45*t**2 - 103*t + 114 + 90*t**2 + 76*t. Determine q(5).
4
Let p = -361838 + 361842. Let j(n) = n**2 - n + 1. Let w(a) = 6*a**2 - 14*a + 3. Let i(d) = 5*j(d) - w(d). What is i(p)?
22
Let s(c) be the second derivative of c**6/120 + c**5/40 - 11*c**4/4 + 19*c. Let f(d) be the third derivative of s(d). Determine f(-2).
-9
Let v(y) = y**3 + 12*y**2 + 13*y - 18. Let x be v(-10). Let k = x - 48. Let w(i) = -i**2 + 4*i + 1. Give w(k).
1
Let b(h) = 2*h**2 + 9*h - 6. Let j(a) = -3*a + 39. Let f be j(13). Let l(t) = f*t**2 + 82*t - t**2 - 86*t + 3. Let o(d) = 2*b(d) + 5*l(d). Determine o(2).
-5
Suppose 150 = 9*a + 9 - 21. Let v(j) = j**3 - 17*j**2 - 28*j + 35. Calculate v(a).
-145
Let f be (-2)/((-12)/2) + (-38)/(-57). Suppose x - 2*u = f + 4, -4*x + 3*u + 15 = 0. Suppose -x*i - 2 = 7. Let m(b) = b**2. Calculate m(i).
9
Let h(m) = -28*m - 43.